3*a + 2. Suppose 0*q - 4 = -2*q. Let c be z(q). Suppose c = 2*o - 56. What is the highest common divisor of 4 and o?
4
Suppose 500 + 418 = 6*o. Calculate the highest common divisor of 17 and o.
17
Let f(c) = -3*c**3 - 4*c - 3 + 2 + 5*c**2 + 2*c**3. Let m be 6/(-2)*(-11 + 10). Let n be f(m). Calculate the highest common factor of 40 and n.
5
Suppose 8*a + 60 = 12*a. Calculate the highest common factor of 30 and a.
15
Let k = 17 + 1. Suppose y + 1 = 5*g + 25, 2*g = 3*y - 20. Suppose -p = -y*h + 4, -p - p + 5*h + 4 = 0. What is the greatest common divisor of k and p?
6
Suppose -5*w = -2*w - 12. Suppose d = -w*d + 280. What is the highest common divisor of 7 and d?
7
Let i(g) = -g**2 - 8*g - 7. Let v be i(-6). Suppose 0 = -y - 3*h - 10, y = -0*h + 2*h - 35. Let b = y + 50. What is the greatest common factor of v and b?
5
Suppose 0 = 3*m - 12, 4*t - 20 - 8 = 5*m. Let s = 18 - t. Let o = s - 0. Calculate the greatest common divisor of o and 66.
6
Let k(j) = 4 - 1 - 1 - j + 4*j. Let y be k(3). Calculate the greatest common factor of y and 1.
1
Suppose 0 = 2*j + 2 - 6. Let t(g) = -5*g + 4 + g**3 - 3*g**j - 6 - 5. Let z be t(5). Calculate the highest common factor of z and 180.
18
Let g(h) = h - 5 + 2*h - 2*h. Let m(f) = f - 8. Let z(a) = 8*g(a) - 5*m(a). Let v be z(8). What is the highest common divisor of 60 and v?
12
Suppose -6*i + i = -2*f - 25, 0 = -i + 2*f - 3. Let p be ((-2)/(-4))/(i/882). Suppose -43 = -5*x - 8. Calculate the highest common divisor of p and x.
7
Suppose l = 117 - 9. What is the highest common divisor of 12 and l?
12
Let x(c) be the first derivative of 3*c**2 - c + 1. Let r be x(6). Suppose -r = -7*f + 2*f. What is the greatest common divisor of f and 49?
7
Suppose 0 = x + 2*x - 24. Let b = 4 - x. Let z be (-25)/b + 2/(-8). What is the greatest common factor of 9 and z?
3
Suppose -6*j - 40 = -j. Let u be j/(-5)*(-45)/(-6). Suppose -1 + 7 = i. What is the highest common factor of i and u?
6
Suppose 0 = -2*h + 7*h - 180. Let q = -60 + 32. Let d = 52 + q. What is the greatest common divisor of h and d?
12
Let y = 2 + -4. Let t be y/(-6) - 70/(-15). Suppose 0 = 2*b + 4*p - 146, t*p - 4*p = 4. What is the highest common factor of 26 and b?
13
Let w be (2 - -5)*(-18)/(-21). Let o be -1*(-2 + 1)*9. Calculate the greatest common factor of o and w.
3
Suppose 281 + 764 = 5*f. Let j = 6 - -13. Calculate the highest common divisor of f and j.
19
Let s be 3714/54 + (-4)/(-18). Calculate the greatest common divisor of 46 and s.
23
Suppose 9 = 5*r - 1. Let y be r + -3 - (-28 + 1). Calculate the greatest common factor of y and 39.
13
Let q(v) = -v**2 - 12*v - 20. Let f be q(-7). Let g be 14 + 1 + 1 + -1. Calculate the highest common factor of g and f.
15
Let u(w) = -3*w**3 + 10*w**2 + 11*w + 10. Let d(l) = -l**3 - l. Let b(c) = 4*d(c) - u(c). Let p be b(-10). What is the highest common divisor of 20 and p?
20
Suppose -5*j + 11 = -19. What is the greatest common factor of j and 15?
3
Suppose 24 = 4*g + 4. Let q be g/2*20*1. Suppose 0 = -l - 4*l + q. What is the greatest common divisor of 80 and l?
10
Suppose -29 + 4 = 5*l. Let j(o) = -o**2 - 6*o - 4. Let t be j(l). Calculate the greatest common factor of 1 and t.
1
Let b(q) = -13*q + 12. Let y be b(-5). Suppose 4 = -l + 2*l. Suppose 4*p - 8 = -l*x + 8, -2*x + 2*p + 20 = 0. What is the greatest common factor of x and y?
7
Suppose -5*n - 2*p = -43, 5*n - 2*p + 3 = 50. Let j be (n - 0)*(0 + 1). Calculate the highest common factor of 9 and j.
9
Suppose -3*k + 3 = -15. Let o(g) = -2*g + 1. Let n be o(-4). Suppose 39 = 4*x - n. What is the greatest common factor of k and x?
6
Suppose -5*u + 100 = -z, 4*u + 3*z - 86 = 5*z. Calculate the greatest common factor of 133 and u.
19
Let w be ((-2)/(-3))/(1/195). Let m(p) = 9*p + 7. Let y be m(5). What is the greatest common divisor of w and y?
26
Let p be 2/3*54/4. Let u(f) = f**2 - 3*f + 5. Let s be u(4). What is the highest common divisor of s and p?
9
Let m = -4 + 3. Let b be (-2 + -1)/(-2 + m). Let l be 0 + (-32)/(b/(-1)). Calculate the highest common factor of 48 and l.
16
Suppose -4*s + 5*s - 16 = 0. What is the highest common divisor of 8 and s?
8
Let j(h) = 17*h**2 + 2*h - 1. Let y be j(1). What is the highest common factor of y and 162?
18
Suppose -1 = -o - 0*o. Let d be (-20)/30*(-16 + o). What is the highest common factor of d and 25?
5
Suppose -5*a + t = -11, 0*a + 14 = 5*a - 4*t. Let m(s) = -6*s - 6. Let n be m(-4). Calculate the greatest common divisor of n and a.
2
Let s(b) = -b. Let n be s(-4). Suppose -41 = -4*k - 5*o - 5, -n*o + 12 = 2*k. Suppose 3*x - 16 - k = 0. What is the greatest common divisor of 30 and x?
10
Suppose 4*n = -2*r + 26, -4*n + 2*r - 5*r = -21. What is the greatest common divisor of 1 and n?
1
Let a(w) = 6*w + 2. Let p be a(11). Let g = -13 + p. What is the greatest common factor of 22 and g?
11
Suppose 0 = 3*s - 2 - 22. Let m = s - 6. Let c be (m - -10) + -1 + 1. What is the greatest common factor of 48 and c?
12
Let i(k) = 26*k. Let t be i(4). Let d(o) = 2*o - 3. Let m be d(8). What is the highest common divisor of t and m?
13
Suppose m - 5 = -4*f, f = 5*m - 3*f - 1. Let z be (4/12)/((-4)/(-24)). Suppose s + 1 = o, 2*o - 16 = -2*s - z*o. What is the highest common factor of s and m?
1
Suppose -4*s - 660 = -52. Let j = s - -262. What is the highest common factor of 44 and j?
22
Suppose 4*s - 225 = -5*t, 7*t + 3*s - 181 = 3*t. Let l = 6 - -1. Calculate the greatest common factor of t and l.
7
Let a(u) = u**2 - 4*u - 8. Let n be a(6). Suppose 0*m = -m + n. Suppose 4*p - 560 = m*v, 2*v - 4*v = 2*p - 292. What is the highest common divisor of p and 13?
13
Let v(c) = 4*c - 3. Let g be v(2). Let f be 0 + 1 - g/(-1). Suppose -f*i + 90 = -4*i. What is the highest common divisor of 9 and i?
9
Let u = 25 + -7. Let f be ((-6)/2 - -38) + 1. What is the greatest common divisor of f and u?
18
Let y = 0 + 4. Let p(a) = a - 6. Let x be p(8). Suppose 3*c - x = 10. What is the greatest common divisor of c and y?
4
Suppose -4*p = -4*s - 88, 5*s = 3*s - 4. Calculate the highest common factor of 5 and p.
5
Suppose 4*i - 58 = 3*f, 2*i - 2*f = 20 + 8. What is the greatest common divisor of 24 and i?
8
Let q(g) = -g**2 - 5*g - 3. Let x be q(-3). Suppose -5*b = x*s - 128, 3*b - s - 3 - 85 = 0. What is the highest common divisor of b and 7?
7
Suppose 4*w = t - 2*t + 146, 4*w - 650 = -5*t. What is the highest common factor of 14 and t?
14
Suppose -10 = -5*p - l, -p + 4*p - l = 14. Let x = 16 + -10. Let v = x + 0. What is the greatest common factor of p and v?
3
Let y(a) = 12*a**2 + 2*a + 1. Let w be y(-1). Let g be 8/(-6)*66/(-1). Calculate the highest common divisor of w and g.
11
Suppose -6*t + 0 - 12 = 0. Let y be 10 + 1 + -2 - t. Calculate the highest common divisor of 33 and y.
11
Let n = 179 + -134. Calculate the greatest common factor of 18 and n.
9
Suppose 3 = 4*d - w, 4*d - 4*w + 7 = -w. Suppose 3*f - 2*a - 8 = 4, d*a = 6. Calculate the greatest common factor of 2 and f.
2
Let u be (-47)/3 - (-22)/33. Let j be (-9)/u + (-987)/(-5). Calculate the greatest common divisor of 22 and j.
22
Let d(l) = -24*l - 10. Let p be d(-5). What is the highest common divisor of p and 10?
10
Suppose -496 - 92 = -14*g. Calculate the highest common divisor of g and 63.
21
Suppose 14*q - 7*q = 126. What is the highest common factor of 18 and q?
18
Let y = -16 - -26. Let f be (-5)/20 - 562/(-8). Calculate the highest common divisor of f and y.
10
Let r = -1 + 7. Suppose 0 = -2*b + r + 42. Let m = 122 - 86. What is the highest common factor of m and b?
12
Suppose 4*y + 6 = 5*y. Let q be 38 - y - (2 - 0). Calculate the highest common factor of q and 6.
6
Let z(v) = v**2 + 2*v. Let p be z(-2). Let r = 1 + p. Let k be r + -2 + 99/3. What is the greatest common factor of k and 4?
4
Let r = 0 - -1. Let j be (5 - 6) + r*3. Suppose -3 = -j*y + 7. Calculate the greatest common divisor of 5 and y.
5
Let n(h) = 6*h**2 + 3*h. Let o be n(3). Suppose 2*r = 5*j - 55, 15 = 3*r - 6*r. Calculate the highest common factor of o and j.
9
Let g be -2*(-1 - 0) + 1. Suppose 8 = l - g. Calculate the highest common divisor of 11 and l.
11
Let f(j) = 14*j**2 - 4*j - 1. Let l be f(1). What is the greatest common factor of l and 117?
9
Let c(k) = 4*k**2 - k + 3. Let s be c(3). Let j be